3 - (-43 + 42 + (-12 - -35))?
-25
What is 100 - (-40 + -2) - 280?
-138
What is 118 + -18 + 8 + 2 - 31?
79
What is the value of 75 + (37 - -60) + -215?
-43
Evaluate 3 + (-7 - 8) + 11 + 8 + 84 + -2.
89
Calculate 742 - 758 - (1 + -1 + (20 - 28) + 5).
-13
Evaluate 66 + (188 - 261) + 33 + -3 + 1 + 1.
25
Calculate 53 + -2 - (-31 + 137 + -72).
17
What is 114 + (-136 - -60) + 32 + 3?
73
What is the value of 38 - (-27 + 65) - -46?
46
What is -48 - 0 - -5 - (-445 - -469)?
-67
Calculate (-39 - -31 - (45 + -2)) + -12 + 23 + -1.
-41
Calculate (16 - (72 + -80)) + -102 + 0 - -20.
-58
(-1 - (-4 - (-20 - -24 - 11))) + 75
71
(1 - 7) + 0 + (17 + -52 + 14 - -15)
-12
Calculate (-3 - (-3 - -2)) + -4 - (-773 - -782).
-15
Calculate (2 - -1) + 0 + -6 + (-1336 - -1282) + 1.
-56
What is the value of 47 + (-77 - (-32 - 13))?
15
What is the value of (6 - 52) + 28 - -30?
12
Calculate -15 + (1 - 17) + (47 - 22).
-6
What is the value of 18 - (0 + -10 + (20 - 7))?
15
What is 11 + (-135 - -129 - (2 + 0))?
3
Evaluate (-11 - -24) + -73 + 4 + -2 + 10.
-48
What is (2 - (-12 - -4)) + (-69 - (-42 - -20))?
-37
Evaluate -43 + (-2 + -3 + 5 - (-798 - -818)).
-63
What is the value of -95 + -141 + 255 + 7 + -2 + 0 + 0?
24
What is the value of -9183 + 9388 - (66 + 1)?
138
Evaluate -5 + 97 + 6 + 1 + -8 + -3 - -3.
91
What is the value of -34 + 13 + -13 + (19 - 28)?
-43
Evaluate 27 - (32 + (31 - 37)).
1
-9 + 14 + -2 - 2 - (5 + (4 - 6))
-2
What is (-2 - -4) + (0 + 3 - (-4 + 5) - -33)?
37
What is the value of (42 + -59 - (3 + -2) - 27) + (-1 - -2)?
-44
What is (-7 - (-11 - (6 + -16))) + 41?
35
What is 1155 + -1210 + 112 + -2?
55
What is the value of 16 + -78 + (1 - ((-18 - 7) + 8))?
-44
What is the value of (-51 - (-97 - 23)) + -1?
68
What is 0 + 14 + (-2 - 50) + -145 + 167?
-16
Evaluate 122 + -57 + -52 + 65.
78
What is 89 - (74 + 7 + 73)?
-65
Evaluate 102 - 53 - (15 + (1 - 3)).
36
What is the value of -6 + (13 - ((13 - (3 + (-8 - -10))) + 4))?
-5
What is the value of -11 + (-50 - -101 - 92)?
-52
What is the value of -134 + 35 + 79 + (1 - 13)?
-32
-2 + 2 - (4 + (-10 - (-2 + 9) - -31))
-18
What is the value of 12 + -5 - (-5 - (-43 - -23))?
-8
Calculate 65 + -2 + -15 - 17 - (81 + -62).
12
What is 100 + -11 - (-1495 - -1468)?
116
What is 0 - 3 - (-2 - (-23 + 1 + 55))?
32
What is -11 + (-126 - (-12 + 27 + -39)) + 20?
-93
What is the value of 24 + 1 + (1111 - 1219)?
-83
Calculate (37 - 25 - 9) + (-34 - (-3 - (2 + -1))).
-27
What is the value of -2 + (-70 - -45 - 32)?
-59
Calculate -104 + 103 + 12 + 4 + -26 - (-33 - 1).
23
What is the value of -192 + 234 - (9 + 1 - (-4 + 1 - -5))?
34
Calculate 12 - (4 + 6) - (-1 + -46 + 3) - 8.
38
(2 - (-9 - -4)) + 144 + -147 + 10
14
-26 - (22 - 1 - -20 - 8)
-59
(-20 - (39 + 14)) + 63
-10
Calculate 114 + 9 + -24 + -13 + 31 + -17.
100
Evaluate -9 - (-5 - 0) - 37.
-41
Evaluate (-7 + 1 - (-15 + 19) - -14) + 58 + -38.
24
Evaluate 18 + 0 + -36 + 40 + -80.
-58
Calculate -28 - ((-9 - -28 - 12) + 16 + -11).
-40
1 + -2 - (25 - (-20 + 37))
-9
Calculate (35 - (-40 + 77)) + -37.
-39
Evaluate 11244 - 11184 - (1 + -2 - -1).
60
What is 81 - 151 - -23 - -122?
75
What is 23 + -11 + (4 + -21 - 8)?
-13
Evaluate -17 + -37 + 71 + 19.
36
Calculate (-115 - -3) + 13 - -41.
-58
What is -1 - -3 - 41 - (-18 + 22 + -12)?
-31
What is the value of -5 + 11 + -30 + -25 + (-26 - -50)?
-25
Calculate (-11 - -1 - (1 - 1)) + 283 + (-240 - -14).
47
Evaluate (184 - 86) + (2 - 111).
-11
Calculate (2 - 1) + 0 - (-1253 - -1241).
13
-76 + (49 + 7 - 19) + -16
-55
-16 - (-53 + -37 - -45)
29
2 + -4 - (-6 + 38 - -11 - 50)
5
Calculate (25 - 25) + 11 + (-1 - (-1 - -54)).
-43
What is the value of 1 - 16 - (-52 - -31 - 3)?
9
Calculate -728 + 736 - (4 - -52).
-48
1 + (-6 - 0) + (41 - (-11 + 3)) + 11
55
Evaluate -9 - (-17 - (13 + (3 - -10))).
34
What is the value of 1272 + -1317 + (12 - 0)?
-33
Calculate (-4 + -3 - 1) + (492 - 424).
60
(-52 - -54 - 23) + 1 + 66
46
What is the value of -3 + -9 + -45 + 3 + 10 - (5 - 1)?
-48
What is (80 - 6) + -711 + 588?
-49
Calculate 19 - ((-19 - -24) + -44) - (9 - 16).
65
Calculate -7 - (4 - (8 - -14 - 21)).
-10
Calculate (838 - 711) + (-72 - -6).
61
What is 22 + -3 - 4 - (-6652 - -6762)?
-95
Calculate 0 + 42 - ((-38 - (-91 - -15)) + -34).
38
What is (1 - 5 - (-26 + -16 + (0 - 0))) + -3?
35
What is -130 + 98 + 119 + -8?
79
What is the value of (-5 - -16 - -7) + (585 - 618)?
-15
What is 1 - 26 - (2108 + -2147)?
14
Evaluate -39 + -85 + 134 - -72.
82
Evaluate -32 - ((7 - 2) + -18 + 19).
-38
What is the value of 37 - ((82 - 87) + -1 + -7)?
50
What is the value of 948 - 922 - (-17 - 2)?
45
What is -1205 + 1240 - (-4 + 11)?
28
What is the value of -10 + (-8 - -14 - (-38 - 3 - -7 - 6))?
36
What is (-30 - -5) + (23 - 8) - -17 - -69?
76
Evaluate -38 + (24 - (34 + -48)).
0
(-15 - 16) + 33 + 49 + -46
5
Calculate -19 + (8 - 6) - (-596 - -476).
103
-3 + (-83 - -2 - 9) - (-24 + 0 - -15)
-84
33 + (18 - 2 - (-72 + 66) - 12)
43
What is the value of -261 + 4 + 336 - (-1 + 36)?
44
Evaluate (-16 - 1) + 52 + -20 + 0.
15
What is (72 - (64 - -16)) + (-2 - 13)?
-23
What is the value of -36 + (59 + 7 - 18)?
12
(-27 + 102 - 107) + 2 + 71
41
7 - (5 + 5 + 4 + -6 + (-9 - 3))
11
Calculate 1 + -46 + 26 + (-6 - -4).
-21
3 + -9 - (-57 + 57) - -42 - 12
24
What is the value of -10 + 3 + (0 + -1 + 10 - (-276 + 328))?
-50
-7 + 38 + -41 + (-26 - -79)
43
What is -9799 + 9757 - (2 + -1 + (1 - 3))?
-41
Calculate 105 + -31 + (-18 - 2).
54
Calculate 17 - (-7 - -3) - 1 - -42.
62
Calculate -3 + 0 + 18 + -9 + -8 + (69 - 56).
11
What is the value of -3 + (-3 - (8 - -5)) + (0 + 7 - -1)?
-11
What is the value of (25 - (18 - 10)) + 6 - (6 - -1)?
16
What is -19 + (-29 + -10 + (8 - -18) - -2)?
-30
Evaluate 16 + (4 - 2) + 64 + -76 + 3 + 13.
22
Evaluate -63 + -32 + (-128 - -283).
60
Calculate 10 + 23 + -39 + (-3 - (-5 - (6 + -21))).
-19
46 + -54 + -59 - 2
-69
Calculate -26 - -26 - (-33 + (-14 - -3)).
44
What is the value of 18 - (-150 + 91 + 144)?
-67
What is -5 + ((0 - (-8 + 19)) + 21 - -35)?
40
Evaluate 22 - (21 + -22 + -9 + 67).
-35
Evaluate (704 - 689 - ((3 - -10) + 3)) + -4 + -1.
-6
What is the value of -4 + -61 + 46 - -87?
68
(9 - (55 + -33)) + 63
50
Evaluate 110 - (129 + -22) - (76 + 1).
-74
Calculate (14 - -38) + -12 + -17.
23
Evaluate (6 - 25) + 23 + (-68 - (-5 + 1 + 9)).
-69
What is -484 + 469 + 2 + 25?
12
((-37 - -45) + 4 + -3 - 78) + 16
-53
Calculate (6 + -6 - -1) + (-21 - -2 - 34).
-52
What is the value of -57 - -1 - (-138 - (-90 + -43))?
-51
18 + 8 + (-42 - -17 - -15 - (-8 - -1))
23
What is -2 + (-19 + 2 + 36 - (2 + -4))?
19
Evaluate -259 - (-10 + 65 - 198).
-116
Calculate 6 - (1 + (-10 + (-4 - -5) - -8) + 1).
5
Evaluate 8 - (107 - 80) - (0 + 48).
-67
What is the value of (-13 + 2 - (171 + -182)) + -46?
-46
Evaluate (6 + 11 + -14 - 8) + 1 + -78.
-82
Calculate (112 + -85 - 63) + 3.
-33
What is the value of (46 - 11 - 37) + -38?
-40
-35 + -14 + (15 - 1) + 0
-35
-297 - -232 - (-174 + 4)
105
Evaluate 50 + 22 + 11 + -22 + -14 + -3 - 3.
41
-39 + (-58 - (-31 + 27 + -25))
-68
Calculate (2 - -117) + -1 + (162 + -90 - 83).
107
((-28 - -17) + -2 - -18) + -36
-31
What is 85 - ((54 - -48) + -113)?
96
Calculate -65 + -245 + 158 - 2.
-154
What is the value of 25 + 3 + -76 + 10 + 84?
46
-9 + (-27 - -20) + -7 + 17
-6
Calculate (-133 - -19) + 22 - -23.
-69
-163 + 183 - (63 + -14)
-29
What is the value of 10 + 5 - 7 - (-7 + 19 + -13)?
9
What is 55 + (-9 - 3 - (10 + -14))?
47
Calculate (-118 - -30) + 32 - -68.
12
Calculate 9 + (-10 - (3 + (-1 - 96) - (-26 + 14))).
81
Calculate 2 - (-115 + 4) - ((-87 - -93) + 13).
94
Calculate -51 + (-20 - -30) + 12 + -26.
-55
Calculate 68 + -55 + 27 + 13.
53
Calculate 21 + 2 + -8 + (-9 - -20).
26
What is the value of 41 + (53 + -79 - -47)?
62
Calculate 368 - 289 - (61 - -10).
8
-52 - (79 - 213) - 35
47
Evaluate -47 + (75 - 59) + -64.
-95
What is (56 + 8 + 8 - 12) + (11 - 11)?
60
What is (-61 - (-74 + 76)) + 29?
-34
Evaluate 52 - -3 - (-580 + 622).
13
What is (-8 - (8 + -13 + -11) - -13) + -44?
-23
What is 123 + -49 + 47 + 2 + -4 + -1?
118
3 + (-121 + 47 - -51)
-20
Evaluate 7 - (17 + -2 - ((12 - 19) + 8)).
-7
1 - 59 - (9 + 6 - 24 - -4)
-53
What is the value of -73 - -115 - (-25 - (-6 + 11))?
72
What is the value of (5 - (6 + -2 + -7)) + 24?
32
Evaluate (-3 - 29) + -87 + 97 + 111.
89
Evaluate -16 + (-3 - 44)